d - 5*x - 201 = -4620, 0 = d - 4*x - 4446. What is the units digit of d?
4
Let i(p) = 4*p - 22. Let r be i(21). Let j = r + 235. What is the units digit of j?
7
Let s be 18/81 + (-3290)/63. What is the tens digit of s*(-7 + 78/12)?
2
Let t = 6762 - -4227. What is the thousands digit of t?
0
Suppose u - 5*n - 660 = 0, 3*u + 2*n = -3*n + 2060. Suppose -2*t + 757 = h, 4*t = -4*h + 844 + u. Let q = t - 259. What is the tens digit of q?
1
Suppose 0 = -5*x - 54 + 14. Let g be 9/(-12) - 30/x. Suppose -n - 4*l = g*n - 176, -5*n + 190 = -5*l. What is the tens digit of n?
4
What is the hundreds digit of 2/11 + 23/(3289/68614)?
4
Suppose 5*l = -h + 410, -3*l + l + 164 = -2*h. Suppose 0 = 3*s - l + 445. Let f = -70 - s. What is the tens digit of f?
5
Let v = -34 - -237. Let b(p) = -p - 15. Let o be b(-18). Suppose -16 = 4*m, o*c + 2*m - 122 - v = 0. What is the units digit of c?
1
Suppose -2 = -5*s - 4*p, -12 + 0 = -4*s + 2*p. Suppose 577 - 1953 = -s*d. What is the tens digit of d?
8
What is the thousands digit of (-41)/((-615)/(-126))*-340?
2
Suppose -2*k = -l + 5243, -4*l + 20984 = 8*k - 4*k. What is the tens digit of l?
4
Let u(l) = l**3 + 2*l**2 - 3*l + 12. Let a be u(0). What is the units digit of 1948/16 + (-9)/a?
1
Let s(x) = 1702*x**2 - 135*x - 101. What is the units digit of s(-5)?
4
What is the thousands digit of -6 + (-1200)/(-198) - (-1 - (-2368406)/(-66))?
5
Suppose 18 = -3*b, -2*d + 5*b + 16319 + 371 = 0. What is the tens digit of d?
3
Suppose -2*q = 3*c - 5145, 3*q + 2*c + 3*c = 7715. Suppose y - 270 = 4*x + 265, q = 5*y - x. What is the tens digit of y?
1
Let s = 0 - 0. Let v be 2 - -32 - (5 + 10 + -19). Let b = v - s. What is the units digit of b?
8
Let t(b) = -1389*b - 4409. What is the thousands digit of t(-26)?
1
Suppose -4*i - 195 = 4*x - i, 4*x = 4*i - 160. Let p(q) = 22*q - 23. Let g be p(5). Let n = g + x. What is the tens digit of n?
4
Suppose 0 = 5*h + 2*g - 8880 - 21739, 2*h + 2*g - 12244 = 0. Suppose t - h + 1353 = -3*x, -t - 7956 = -5*x. What is the units digit of x?
1
Let r(w) = w**3 + w**2 + 2*w + 4. Suppose 8*y = 7*y. Let s be r(y). Suppose -s*h - 153 = -7*h. What is the tens digit of h?
5
Suppose 4*z + 2 = y + 2*z, -z = 5*y - 32. What is the tens digit of 60 + 1/y*0?
6
Suppose 16 = 2*t + 14. Let l = 10 - t. Let p(x) = -x**3 + 10*x**2 - x - 11. What is the tens digit of p(l)?
6
Let a(g) = -5*g**3 - 6*g**2 - 8*g - 2. Let o be a(-2). What is the units digit of o/(-20) - (-75)/2?
6
Suppose 8 = 2*k, -5*k = 3*t - k - 163. Suppose -2*o - 47 = -2*l - 13, 3*l - 41 = o. Let h = t - l. What is the units digit of h?
7
Let v = -139 - -141. Suppose 56 = 2*n - v*i, -26 = -0*n - n - i. Let m = 79 - n. What is the tens digit of m?
5
Let t = -26783 - -43837. What is the units digit of t?
4
Let j = 231 - 21. Let y = j + -20. What is the hundreds digit of y?
1
Let t = 170 - 149. Let f(p) = 8*p + 70. What is the hundreds digit of f(t)?
2
Let h be (-70490)/(-551) - (-2)/29. Suppose h*t - 6500 = 118*t. What is the tens digit of t?
5
Let f(g) = -6*g**3 - 12*g**2 - 2*g + 14. Let k be f(-6). Suppose 7*h - k - 398 = 0. What is the tens digit of h?
8
Let p(w) = -7 - 7*w + 19*w**2 - 1 - 10*w**2. Let x = 526 + -521. What is the units digit of p(x)?
2
What is the hundreds digit of (-4*(-735)/120)/((-1)/(-204))?
9
Suppose 2146 = -s - 2*f + 16020, 5*f + 27730 = 2*s. What is the ten thousands digit of s?
1
Let z(a) = a**2 + 14*a + 49. Let w be z(-8). Let o(t) = t**3 - 1. Let c(m) = 53*m**3 - 2*m + 7. Let g(p) = c(p) + 5*o(p). What is the tens digit of g(w)?
5
Suppose -2*u - 31 = -3*v + 12, 3*v - 1 = -u. What is the hundreds digit of u/(-63) + (8956/(-9))/(-4)?
2
Let n(h) = -54*h**3 - 2*h**2 + 6*h - 31. What is the hundreds digit of n(-4)?
3
Let a be (-216)/16*80/(-15). Suppose 3 = 2*u - h, -5*u + h + 1 = -14. Suppose -f = -a - u. What is the tens digit of f?
7
Suppose 0 = 266*v - 10666797 - 959797. What is the tens digit of v?
0
Suppose -45*k + 53*k = 40. Suppose -4*i + k*t = -1474, 0 = 3*t + 13 - 19. What is the tens digit of i?
7
Let d be (-832)/96 + 4/6. What is the units digit of 40/3*((-60)/d - 6)?
0
Let w(m) = m**3 - 14*m**2 + 26*m + 32. Let t be w(13). What is the tens digit of t/5 + (-6)/30?
4
Let x(y) = 3 + 9 - 24 - 5*y - y. Let t be x(-3). What is the tens digit of 310/t + (-2)/(-6)?
5
Suppose 0 = -2*c + 16 - 76. What is the tens digit of (2*40)/((-15)/c)?
6
Let p(a) = 16*a**2 - 4*a - 12. Let t be p(-8). Suppose -t = -8*d + 26*d. Let c = d + 143. What is the units digit of c?
5
Let k = 29 - -700. Let l = k + -521. What is the tens digit of l?
0
Let k(x) = 206*x + 47. Let s(u) = -u**2 - 7*u - 7. Let d be s(-5). What is the units digit of k(d)?
5
Suppose 3*n + r = 19535, -26*n - 32565 = -31*n + 5*r. What is the units digit of n?
2
Let b(h) = -h**3 - 22*h**2 - 73*h + 1. Let q be b(-18). Suppose 0 = d - 4, q*m - 4*d = 21*m - 736. What is the hundreds digit of m?
3
Suppose 6495 = 8*x + 7*x. Suppose -15 = 2*c - x. What is the hundreds digit of c?
2
Let n(a) = -a**3 + 9*a**2 + 12*a + 2. Suppose 0 = -0*u - 2*u + 22. Suppose 0 = -5*y, -2*c + 2*y + 9 = -u. What is the units digit of n(c)?
2
Let b = 244 + -237. Let c(m) = 83*m - 2. What is the tens digit of c(b)?
7
Let l(g) = -g**3 + 4*g**2 + 12*g + 111. What is the tens digit of l(-13)?
2
Suppose 171*i = 158*i + 15470. What is the hundreds digit of i?
1
Suppose 196883 = k + 71*k - 106957. What is the hundreds digit of k?
2
Suppose -143*s - 350500 = -243*s. What is the tens digit of s?
0
Suppose 24 = y + 3*y. What is the units digit of (2607/(-99))/((-2)/y)?
9
Let u(g) = -599*g + 56. Let v be u(-3). Suppose 4*j - 1239 - v = 0. What is the tens digit of j?
7
Suppose 2*b + 5*j = -0*j + 393, -3*j - 15 = 0. Let o = -145 + b. Let z = -21 + o. What is the tens digit of z?
4
Let i(g) = -5*g**3 + 11*g**2 + 14*g + 8. Let p(c) = -2*c**3 - c**2 + 2. Let t(k) = -i(k) + 4*p(k). What is the units digit of t(-5)?
0
Suppose k + 5*m + 0*m - 278 = 0, 4*k + 5*m - 1157 = 0. Suppose -4*o - 8 = 0, -2073 = -0*f - 5*f - o. Let c = f - k. What is the hundreds digit of c?
1
Let f(v) = -v**3 + 13*v**2 + 32*v - 27. Let i be f(15). Suppose i*j + 4*u = 800, -5*j = u - 4*u - 1372. What is the tens digit of j?
7
Let n(y) = -2*y - 10. Let p be n(-7). Suppose 5*z = -5*m, -p*m + 4 = 4*z - 2*m. Suppose -z*w + 273 = 3*k + 78, -w - 2*k = -96. What is the units digit of w?
2
Suppose -y - 4*f + 80 = -3*y, 4*f = -4*y - 196. Let l = y + 144. What is the units digit of (0/3)/3 + l?
8
Suppose -5*c + 4*h + 3770 = 0, 3042 = 7*c - 3*c + 2*h. Let d = c + -374. What is the units digit of d?
4
Suppose -3*y = -445*v + 449*v - 223068, -12 = -2*v. What is the hundreds digit of y?
3
Let q(r) = r**3 - 30*r**2 - 26*r + 51. Let u = 3 - -28. What is the tens digit of q(u)?
0
Let n = 8812 + 14440. What is the hundreds digit of n?
2
Let m(y) = 2*y - 11. Suppose -k - 3*d + 20 = 0, 0 = -3*k - 2*k - 3*d + 52. Let l be m(k). Suppose l*f = f + 48. What is the units digit of f?
2
Suppose -158*j + 154*j = -16. Suppose j*t - 5*a - 512 = 956, -2*t + 708 = 4*a. What is the units digit of t?
2
Let n(v) = -v - 1. Let p(t) = -7*t**2 - t + 26. Let s(d) = 3*n(d) - p(d). Suppose -20 = -3*k + c, 10*c + 10 = 5*c. What is the hundreds digit of s(k)?
2
Suppose -57*s = -54*s - v - 39663, -3*s - 5*v + 39699 = 0. What is the tens digit of s?
2
Suppose -27*z + 3816612 = 158*z + 163602. What is the ten thousands digit of z?
1
Suppose 2354 + 5763 = u - 4*s, -5*s - 8123 = -u. What is the units digit of u?
3
What is the units digit of (-14 - 338292/(-12)) + 20?
7
Suppose 0 = 4*m + v + 2262, -2*m + 2*v = v + 1128. Let x = m - -992. What is the units digit of x?
7
Let n = 16265 + -9707. Suppose -18*l + n = -5700. What is the hundreds digit of l?
6
Let i = 63 + -43. Suppose 5*x = x + i. Suppose 3*f - 688 = -x*f. What is the units digit of f?
6
Suppose -3*z = k - 7, -k = -2*z + 3*k. Let p(v) = -42*v - 1. Let h be p(-1). Suppose -z*t + 3*w = t - 147, t - h = -w. What is the units digit of t?
5
Suppose -24*m - 486 = -30*m. Suppose 80*h = m*h - 5. What is the units digit of h?
5
Let b = -31 + 3. What is the hundreds digit of 16/b - 2*3214/(-28)?
2
Let j(f) = -229*f - 306. What is the hundreds digit of j(-33)?
2
Let y = -189 - -194. Suppose -873 = -5*l - 3*p, -3*l + 32 = y*p - 495. What is the hu